derivative of -r**6/120 - r**5/20 - r**4/6 - 104*r**2. Calculate g(-3).
12
Let t(l) = -l**2 + 5*l + 9. Suppose 5*v = -3*k - 2, -2*v = 3*k - 6*v - 34. What is t(k)?
3
Suppose -209*l = -202*l + 42. Let t(v) = v**3 + 6*v**2 - 3*v - 11. What is t(l)?
7
Let w be (-3 + 5/4)*4. Let m = w + 8. Let y(q) = -6*q. Determine y(m).
-6
Let r(f) be the first derivative of -f**3/3 + f**2 + 4*f + 1. Let v(n) = -4*n**2 + 12*n + 20. Let t be v(4). Calculate r(t).
-4
Let k(m) = 6*m - 7. Let u(o) = o - 1. Let a(y) = -k(y) + 5*u(y). Let h = -86 + 92. Give a(h).
-4
Let x(t) = 4*t**3 - 3*t**2 + 3*t - 2. Let y be 1/(-4) - 45/(-20). What is x(y)?
24
Let v(c) = 152*c + 71*c**3 - 6 - 154*c + c**2 - 70*c**3. Give v(-3).
-18
Let s(p) be the third derivative of -65*p**4/24 - p**3/6 - 85*p**2. Calculate s(-1).
64
Let c(q) = 348*q - 179*q - 174*q + 96 - 20. Calculate c(14).
6
Let a(t) = -t**3 - 10*t**2 - t - 7. Let o be (7/14)/(10/(-200)). Calculate a(o).
3
Let d(z) = z**3 - 7*z**2 - 17*z - 6. Let p be d(9). Let x(f) = -f**3 + 5*f**2 - 3*f - 1. Calculate x(p).
8
Let q(m) = 6*m - 13. Suppose 7*d + 3*x = 51, -2*d + 3*x = -6*d + 33. Give q(d).
23
Suppose -2*i - i = 3. Let n be (2/(-6))/(i/15). Suppose 0*t = 2*w + 3*t + 18, n*t + 8 = 4*w. Let z(d) = -d**3 - 2*d**2 + 3. Determine z(w).
12
Suppose 0 = 4*u + s + 3 - 26, 0 = 4*u - 3*s - 27. Let o(m) = m**3 - 6*m**2 + m - 4. Let h be o(u). Let v(j) = j + 1. Calculate v(h).
3
Let b be ((-133)/35 - -6) + (-8)/(-10). Let c(t) = -3*t - 3. Give c(b).
-12
Let i be (-136)/(-306)*2/(4/9). Let j(g) = -i*g + 1 + 3 + 6 - 13. What is j(-2)?
1
Let w(b) be the second derivative of b**4/12 - 4*b**3/3 + 5*b**2/2 + 2*b. Let g = -321 + 328. Give w(g).
-2
Let n(v) be the second derivative of -v**5/20 + v**3/6 + v**2 + 352*v. Give n(-1).
2
Let n(v) = -9*v. Let c(x) = -21*x. Let u(r) = -5*c(r) + 12*n(r). Give u(2).
-6
Let c(l) = -13*l. Suppose 5*s - 6 = -1. Let x be 3 - 7 - (s + -4). Give c(x).
13
Let t(j) be the second derivative of 5/6*j**3 + j**2 + 1/12*j**4 + 2*j + 0. Let f = 581 + -586. Determine t(f).
2
Let b(d) be the second derivative of -d**5/4 + d**4/3 + d**3/2 - d**2/2 + 4*d + 101. What is b(-1)?
5
Let k(v) = v**2 - 5*v - 3. Let t be k(6). Suppose 0 = 5*w - 27 - t. Let d(c) = c**3 - 7*c**2 + 8*c - 5. Calculate d(w).
7
Let l = 643 + -77159/120. Let x(t) be the third derivative of 0 + 1/2*t**3 + 0*t + 3*t**2 + 1/24*t**4 + l*t**6 - 1/15*t**5. Give x(3).
-3
Let f(g) = 3*g - 70. Let l(x) = -x + 34. Let t(h) = -2*f(h) - 5*l(h). Calculate t(-18).
-12
Let p(r) be the second derivative of -17*r - 1/12*r**4 - r**2 + 0 + 1/6*r**3. Give p(2).
-4
Suppose 7*h + 1 = 8*h, q - 7 = -3*h. Suppose -2*j = -j - 3, 18 = r + q*j. Let z(v) = 2*v - 7. Calculate z(r).
5
Let z(c) = -c**3 + c**2 + 2*c - 3. Suppose 4*p - 233 = -33. Suppose -45*w + p*w = 10. What is z(w)?
-3
Let f(c) be the first derivative of -c**3/3 - 9*c**2/2 - 17*c - 46. Calculate f(-7).
-3
Let s(z) = 640*z + 638*z - 1282*z + 1. Give s(2).
-7
Let p(z) be the third derivative of 0 + z**2 - 1/3*z**3 - 1/24*z**4 + 0*z. Let x(k) = k**3 + 5*k**2 - 5*k + 1. Let j be x(-6). Calculate p(j).
3
Let m(d) = d + 5. Let i(l) = -l**2 + 2*l + 1. Let s be i(-2). Let a be m(s). Let p(c) be the third derivative of c**5/60 + 7*c**2. Calculate p(a).
4
Let a(q) = 2*q + 6. Let v = 40 - 35. Determine a(v).
16
Let t(n) = -n**2 - 2*n + 6. Let o(q) be the second derivative of -q**4/12 - q**3/3 + 5*q**2/2 - 4*q. Let z(c) = 6*o(c) - 5*t(c). Determine z(-3).
-3
Let f(z) = -z**3 + 3*z**2 - 4*z + 2. Let a be 192/80 - (16/(-10))/(-4). Calculate f(a).
-2
Let r(x) = -5*x**2 - 4*x - 4. Suppose -15*c + 86 = 131. Determine r(c).
-37
Let d(t) = -4*t - t**2 + 6*t + 4*t + 5 + 2. Let c = -69 + 74. Let v(l) = 3*l**2 - 13*l - 15. Let x(p) = c*d(p) + 2*v(p). Give x(-4).
5
Let b = 519 - 516. Let j(i) = i**2 - 5*i + 3. Calculate j(b).
-3
Let j(k) = -8*k**2 - 1. Let q(g) be the third derivative of -g**5/12 + g**3/6 + 21*g**2. Let s be q(0). Calculate j(s).
-9
Let q = -63 - -63. Suppose -2*g - 8*g + 80 = q. Let t(y) = y**3 - 8*y**2 + y - 6. What is t(g)?
2
Let j(x) = 7*x**2 + 21*x - 2. Let q(y) = y**2 + y. Let v(b) = j(b) - 6*q(b). What is v(-17)?
32
Let f(c) = -c**3 + 14*c**2 - 27*c + 3. Let b(a) = -3*a**3 + 42*a**2 - 80*a + 8. Let m(i) = 3*b(i) - 8*f(i). Let p be m(12). Let w(k) = -k + 1. Calculate w(p).
1
Let n(c) = -8*c**2 + 17*c - 11. Let z(f) = -5*f**2 + 17*f - 10. Let m(i) = 2*n(i) - 3*z(i). What is m(-16)?
24
Let g = 0 - -3. Suppose -g = -3*j + 6. Let b(o) = -3*o**2 - 5*o - 4. Let z(x) = x**2 + 1. Let d(y) = -b(y) - 4*z(y). What is d(j)?
6
Suppose -t = 2*t + 18. Let p(z) be the second derivative of -z**4/8 - 7*z**3/6 + 2*z**2 + 7*z. Let h(u) be the first derivative of p(u). What is h(t)?
11
Let z(y) be the first derivative of -y**3/3 + 7*y**2/2 - 5*y - 3887. Suppose -2 = -4*m + 26. Determine z(m).
-5
Let f be (-5 + 1/1)*2/(-4). Suppose 25 - 17 = -f*r. Let b(y) = y**3 + 5*y**2 + 5*y - 1. Calculate b(r).
-5
Let k = -25 + 22. Let j(d) = d - 1. Let z(s) = -4*s + 2. Let o(u) = 6*j(u) + 2*z(u). Determine o(k).
4
Let p(z) be the first derivative of -z**2 + 5*z - 144. What is p(-4)?
13
Let c(w) = -2*w**3 + 17*w**2 - 8*w + 2. Let i be c(8). Let u(p) = 5*p**2 + 7*p. Let t(n) = -3*n**2 - 3*n. Let r(b) = i*u(b) + 5*t(b). Give r(1).
-6
Let x(w) = -3*w**3 - w. Let v be (1 + (-1)/1)/((-2)/(-1)). Suppose v = -l + 2 - 1. Calculate x(l).
-4
Let b(g) = -g + 26. Suppose -5*r + i = 31 - 138, 5*r = -i + 113. Let v be b(r). Let a(z) = -z**3 + 3*z**2 + 2*z - 3. Calculate a(v).
-11
Let o(q) = -q**3 - 4*q**2 + 2*q - 2. Let g = 53 - 65. Let z(a) = a**2 + 13*a + 8. Let b be z(g). What is o(b)?
-10
Let d(w) be the first derivative of 1/2*w**2 - 2*w + 1. Suppose -37*r + 24 = -31*r. Give d(r).
2
Suppose 0 = -600*b + 605*b + 15. Let c(g) = -g**3 - 4*g**2 + 2*g + 2. What is c(b)?
-13
Let v(i) be the second derivative of -i**5/20 + i**4/12 + 13*i**2/2 - 109*i - 2. What is v(0)?
13
Let b be (7 - 3)/((-1)/1). Suppose -r = -3*x + 12, 5*r + x + x = 25. Let l(i) = -4*i + 6 + 5*i**2 + 0*i**3 + i**r + 4*i + 2*i. What is l(b)?
14
Let d(c) = 8*c**2 + 5 - 19*c**2 + c**3 + 6*c**2 + 2 - c. What is d(5)?
2
Let u(d) = -2*d + 3. Let f(h) = -5*h + 8. Suppose 7 = 2*s + 1. Let y(b) = s*f(b) - 8*u(b). Let x(k) = -k**2 + 20*k - 71. Let o be x(5). Calculate y(o).
4
Let m(i) = i**2 - 11*i + 32. Suppose -44*r + 46*r - 22 = -5*u, r = -3*u + 12. Determine m(r).
2
Let u(n) = 2*n - 2. Let j be -7 + (-3 - (3 - 6)). Let a = j - -9. Suppose -3*d + a = 8. Determine u(d).
-6
Let l(a) = a + 1. Let u be l(4). Suppose -3*v - 3 = -u*z, v - 5*z + 7 = -v. Let b = v + 0. Let y(f) = -f - 1. Determine y(b).
-5
Let r(a) = a**3 + 8*a**2 + 7*a + 9. Let q = -39 + 67. Let b be 5/(80/q)*-4. Calculate r(b).
9
Let r(o) be the third derivative of -o**4/6 - o**3 - 62*o**2. What is r(5)?
-26
Let y(x) = -9*x**3 + 0*x + 2*x + 0 + 10*x**3 + 3 + 5*x**2 + x. Suppose -l = 2*n + 6, 2*n - 4*l + 6 = -8*l. Determine y(n).
12
Let c(k) = 7*k**2 - 46*k + 47. Let f(r) = -3*r**2 + 21*r - 22. Let d(g) = 2*c(g) + 5*f(g). Give d(7).
26
Let k(x) = -x**2 - x**2 + x**2 - 1 + 3*x - 3. Let i be (-1 - 1) + (-1 - 2). Let f(p) = -p + 1. Let r(v) = i*f(v) - k(v). Calculate r(-4).
7
Let k = -8 + 9. Suppose 9 = 4*m + k. Let c(t) = 7*t + 5 - 4*t - m*t. What is c(4)?
9
Let j(d) = -d + 1. Let h(b) = 5. Let v(c) = -h(c) - j(c). Suppose 2*r + 40 = 3*r. Suppose -2*x = -5*a - 37, 0 = -5*x + 5*a - 3*a + r. Give v(x).
0
Suppose -12 - 9 = 3*n. Let g(o) = 2*o**3 + 13*o**2 - 7*o + 2. Let h be g(n). Let k(q) = -2*q**3 + 4*q**2 - 4*q + 3. Give k(h).
-5
Let i(y) be the second derivative of -y**4/12 - y**3 + 3*y**2 + 2*y. Suppose -17*b = -12*b. Suppose b = -9*s + s - 56. What is i(s)?
-1
Let k(f) = 2*f**2 + 4*f + 3. Let l be k(-2). Let z(a) = -2*a - 6. Let n be z(-4). Let p(v) = -l*v - v**n + 2 + 5 + 0. Calculate p(-5).
-3
Suppose -3*j = -12, -5*j + 44 = -18*x + 22*x. Let n(f) be the first derivative of 6*f + 1/2*f**2 - x. What is n(-5)?
1
Let h(f) = -4*f + 34 - 116 + 54 + 33 + 28. Determine h(10).
-7
Suppose -5*w - 25 = 0, 2*w + 16 = -0*u + 3*u. Suppose q - n - 4 = 0, -3*n = -3*q - u*n + 12. Let x(c) = -c**3 + 5*c**2 - 5*c + 6. What is x(q)?
2
Let c(i) = 7*i - 5. Let t be ((-36)/16 - -3)/(1/(-8)). Let w(d) = 6*d - 5. Let k(h) = t*w(h) + 5*c(h). Give k(-4).
9
Let x(y) 